{"id":171,"date":"2021-09-29T14:16:34","date_gmt":"2021-09-29T14:16:34","guid":{"rendered":"https:\/\/yelabrodesser.com\/?page_id=171"},"modified":"2023-11-24T16:39:29","modified_gmt":"2023-11-24T16:39:29","slug":"rote-erde","status":"publish","type":"page","link":"https:\/\/yelabrodesser.com\/?page_id=171","title":{"rendered":"Rote Erde"},"content":{"rendered":"<div id=\"pl-171\"  class=\"panel-layout\" ><div id=\"pg-171-0\"  class=\"panel-grid panel-no-style\" ><div id=\"pgc-171-0-0\"  class=\"panel-grid-cell\" ><div id=\"panel-171-0-0-0\" class=\"so-panel widget widget_sow-editor panel-first-child\" data-index=\"0\" ><div\n\t\t\t\n\t\t\tclass=\"so-widget-sow-editor so-widget-sow-editor-base\"\n\t\t\t\n\t\t>\n<div class=\"siteorigin-widget-tinymce textwidget\">\n\t<p>Hannah reist nach Guinea und taucht in die lebendige Musikszene Conakrys ein. Das faszinierende afrikanische Leben zieht sie in seinen Bann. Sie verliebt sich in einen Musiker und erkundet gemeinsam mit ihm das bunte Treiben der Gro\u00dfstadt. Bald findet jedoch eine Demonstration statt, die vom Milit\u00e4r brutal niedergeschossen wird und pl\u00f6tzlich herrschen b\u00fcrgerkriegs\u00e4hnliche Zust\u00e4nde in der Stadt. Hannahs Freund ist in die politischen Wirren involviert und muss fliehen. Hannah begleitet ihn kurz entschlossen auf seiner gef\u00e4hrlichen Flucht.<\/p>\n<\/div>\n<\/div><\/div><div id=\"panel-171-0-0-1\" class=\"so-panel widget widget_sow-image\" data-index=\"1\" ><div\n\t\t\t\n\t\t\tclass=\"so-widget-sow-image so-widget-sow-image-default-d6014b76747a-171\"\n\t\t\t\n\t\t>\n\n<div class=\"sow-image-container\">\n\t\t<img decoding=\"async\" src=\"https:\/\/yelabrodesser.com\/wp-content\/uploads\/2021\/09\/Rote_Erde_Cover-Verlag_web-180x300.jpg\" width=\"180\" height=\"300\" srcset=\"https:\/\/yelabrodesser.com\/wp-content\/uploads\/2021\/09\/Rote_Erde_Cover-Verlag_web-180x300.jpg 180w, https:\/\/yelabrodesser.com\/wp-content\/uploads\/2021\/09\/Rote_Erde_Cover-Verlag_web.jpg 294w\" sizes=\"auto, (max-width: 180px) 100vw, 180px\" title=\"Rote_Erde_Cover Verlag_web\" alt=\"\" loading=\"lazy\" \t\tclass=\"so-widget-image\"\/>\n\t<\/div>\n\n<\/div><\/div><div id=\"panel-171-0-0-2\" class=\"so-panel widget widget_sow-editor\" data-index=\"2\" ><div\n\t\t\t\n\t\t\tclass=\"so-widget-sow-editor so-widget-sow-editor-base\"\n\t\t\t\n\t\t>\n<div class=\"siteorigin-widget-tinymce textwidget\">\n\t<div id=\"panel-1612-1-0-2\" class=\"so-panel widget widget_sow-editor\" data-index=\"3\">\n<div class=\"so-widget-sow-editor so-widget-sow-editor-base\">\n<div class=\"siteorigin-widget-tinymce textwidget\">\n<p>Roman<\/p>\n<p>Verlag Edition Mokka<br \/>\nHardcover<br \/>\nWien 2018<br \/>\nISBN: 978-3-902693-73-0<br \/>\nPreis: 18,50 \u20ac<br \/>\n(+ 2,50 \u20ac Versandkosten)<\/p>\n<p>Bestellung unter: <a href=\"mailto:info@rhytmotop.at\">info@rhytmotop.at<\/a><\/p>\n<\/div>\n<\/div>\n<\/div>\n<\/div>\n<\/div><\/div><div id=\"panel-171-0-0-3\" class=\"so-panel widget widget_sow-button\" data-index=\"3\" ><div\n\t\t\t\n\t\t\tclass=\"so-widget-sow-button so-widget-sow-button-wire-5250e0212f70-171\"\n\t\t\t\n\t\t><div class=\"ow-button-base ow-button-align-center\">\n\t<a href=\"https:\/\/yelabrodesser.com\/?page_id=295\" class=\"ow-icon-placement-left ow-button-hover\" \t\t>\n\t\t<span>\n\t\t\t\n\t\t\tInterview zu Rote Erde\t\t<\/span>\n\t<\/a>\n<\/div>\n<\/div><\/div><div id=\"panel-171-0-0-4\" class=\"so-panel widget widget_sow-button panel-last-child\" data-index=\"4\" ><div\n\t\t\t\n\t\t\tclass=\"so-widget-sow-button so-widget-sow-button-wire-5250e0212f70-171\"\n\t\t\t\n\t\t><div class=\"ow-button-base ow-button-align-center\">\n\t<a href=\"https:\/\/yelabrodesser.com\/?page_id=224\" class=\"ow-icon-placement-left ow-button-hover\" \t\t>\n\t\t<span>\n\t\t\t\n\t\t\tReviews und LeserInnenfeedbacks - Rote Erde\t\t<\/span>\n\t<\/a>\n<\/div>\n<\/div><\/div><\/div><\/div><\/div>","protected":false},"excerpt":{"rendered":"<p>Hannah reist nach Guinea und taucht in die lebendige Musikszene Conakrys ein. Das faszinierende afrikanische Leben zieht sie in seinen Bann. Sie verliebt sich in einen Musiker und erkundet gemeinsam mit ihm das bunte Treiben der Gro\u00dfstadt. Bald findet jedoch eine Demonstration statt, die vom Milit\u00e4r brutal niedergeschossen wird und pl\u00f6tzlich herrschen b\u00fcrgerkriegs\u00e4hnliche Zust\u00e4nde in der Stadt. Hannahs Freund ist in die politischen Wirren involviert und muss fliehen. Hannah begleitet ihn kurz entschlossen auf seiner gef\u00e4hrlichen Flucht. Roman Verlag Edition Mokka Hardcover Wien 2018 ISBN: 978-3-902693-73-0 Preis: 18,50 \u20ac (+ 2,50 \u20ac Versandkosten) Bestellung unter: info@rhytmotop.at<\/p>\n","protected":false},"author":1,"featured_media":0,"parent":0,"menu_order":0,"comment_status":"closed","ping_status":"closed","template":"","meta":{"footnotes":""},"class_list":["post-171","page","type-page","status-publish","hentry"],"yoast_head":"<!-- This site is optimized with the Yoast SEO plugin v20.4 - https:\/\/yoast.com\/wordpress\/plugins\/seo\/ -->\n<title>Rote Erde - Yela Brodesser<\/title>\n<meta name=\"robots\" content=\"index, follow, max-snippet:-1, max-image-preview:large, max-video-preview:-1\" \/>\n<link rel=\"canonical\" href=\"https:\/\/yelabrodesser.com\/?page_id=171\" \/>\n<meta property=\"og:locale\" content=\"de_DE\" \/>\n<meta property=\"og:type\" content=\"article\" \/>\n<meta property=\"og:title\" content=\"Rote Erde - Yela Brodesser\" \/>\n<meta property=\"og:description\" content=\"Hannah reist nach Guinea und taucht in die lebendige Musikszene Conakrys ein. Das faszinierende afrikanische Leben zieht sie in seinen Bann. Sie verliebt sich in einen Musiker und erkundet gemeinsam mit ihm das bunte Treiben der Gro\u00dfstadt. Bald findet jedoch eine Demonstration statt, die vom Milit\u00e4r brutal niedergeschossen wird und pl\u00f6tzlich herrschen b\u00fcrgerkriegs\u00e4hnliche Zust\u00e4nde in der Stadt. Hannahs Freund ist in die politischen Wirren involviert und muss fliehen. Hannah begleitet ihn kurz entschlossen auf seiner gef\u00e4hrlichen Flucht. Roman Verlag Edition Mokka Hardcover Wien 2018 ISBN: 978-3-902693-73-0 Preis: 18,50 \u20ac (+ 2,50 \u20ac Versandkosten) Bestellung unter: info@rhytmotop.at\" \/>\n<meta property=\"og:url\" content=\"https:\/\/yelabrodesser.com\/?page_id=171\" \/>\n<meta property=\"og:site_name\" content=\"Yela Brodesser\" \/>\n<meta property=\"article:modified_time\" content=\"2023-11-24T16:39:29+00:00\" \/>\n<meta name=\"twitter:card\" content=\"summary_large_image\" \/>\n<meta name=\"twitter:label1\" content=\"Gesch\u00e4tzte Lesezeit\" \/>\n\t<meta name=\"twitter:data1\" content=\"1 Minute\" \/>\n<script type=\"application\/ld+json\" class=\"yoast-schema-graph\">{\"@context\":\"https:\/\/schema.org\",\"@graph\":[{\"@type\":\"WebPage\",\"@id\":\"https:\/\/yelabrodesser.com\/?page_id=171\",\"url\":\"https:\/\/yelabrodesser.com\/?page_id=171\",\"name\":\"Rote Erde - Yela Brodesser\",\"isPartOf\":{\"@id\":\"https:\/\/yelabrodesser.com\/#website\"},\"datePublished\":\"2021-09-29T14:16:34+00:00\",\"dateModified\":\"2023-11-24T16:39:29+00:00\",\"breadcrumb\":{\"@id\":\"https:\/\/yelabrodesser.com\/?page_id=171#breadcrumb\"},\"inLanguage\":\"de-AT\",\"potentialAction\":[{\"@type\":\"ReadAction\",\"target\":[\"https:\/\/yelabrodesser.com\/?page_id=171\"]}]},{\"@type\":\"BreadcrumbList\",\"@id\":\"https:\/\/yelabrodesser.com\/?page_id=171#breadcrumb\",\"itemListElement\":[{\"@type\":\"ListItem\",\"position\":1,\"name\":\"Home\",\"item\":\"https:\/\/yelabrodesser.com\/\"},{\"@type\":\"ListItem\",\"position\":2,\"name\":\"Rote Erde\"}]},{\"@type\":\"WebSite\",\"@id\":\"https:\/\/yelabrodesser.com\/#website\",\"url\":\"https:\/\/yelabrodesser.com\/\",\"name\":\"Yela Brodesser\",\"description\":\"\",\"potentialAction\":[{\"@type\":\"SearchAction\",\"target\":{\"@type\":\"EntryPoint\",\"urlTemplate\":\"https:\/\/yelabrodesser.com\/?s={search_term_string}\"},\"query-input\":\"required name=search_term_string\"}],\"inLanguage\":\"de-AT\"}]}<\/script>\n<!-- \/ Yoast SEO plugin. -->","yoast_head_json":{"title":"Rote Erde - Yela Brodesser","robots":{"index":"index","follow":"follow","max-snippet":"max-snippet:-1","max-image-preview":"max-image-preview:large","max-video-preview":"max-video-preview:-1"},"canonical":"https:\/\/yelabrodesser.com\/?page_id=171","og_locale":"de_DE","og_type":"article","og_title":"Rote Erde - Yela Brodesser","og_description":"Hannah reist nach Guinea und taucht in die lebendige Musikszene Conakrys ein. Das faszinierende afrikanische Leben zieht sie in seinen Bann. Sie verliebt sich in einen Musiker und erkundet gemeinsam mit ihm das bunte Treiben der Gro\u00dfstadt. Bald findet jedoch eine Demonstration statt, die vom Milit\u00e4r brutal niedergeschossen wird und pl\u00f6tzlich herrschen b\u00fcrgerkriegs\u00e4hnliche Zust\u00e4nde in der Stadt. Hannahs Freund ist in die politischen Wirren involviert und muss fliehen. Hannah begleitet ihn kurz entschlossen auf seiner gef\u00e4hrlichen Flucht. Roman Verlag Edition Mokka Hardcover Wien 2018 ISBN: 978-3-902693-73-0 Preis: 18,50 \u20ac (+ 2,50 \u20ac Versandkosten) Bestellung unter: info@rhytmotop.at","og_url":"https:\/\/yelabrodesser.com\/?page_id=171","og_site_name":"Yela Brodesser","article_modified_time":"2023-11-24T16:39:29+00:00","twitter_card":"summary_large_image","twitter_misc":{"Gesch\u00e4tzte Lesezeit":"1 Minute"},"schema":{"@context":"https:\/\/schema.org","@graph":[{"@type":"WebPage","@id":"https:\/\/yelabrodesser.com\/?page_id=171","url":"https:\/\/yelabrodesser.com\/?page_id=171","name":"Rote Erde - Yela Brodesser","isPartOf":{"@id":"https:\/\/yelabrodesser.com\/#website"},"datePublished":"2021-09-29T14:16:34+00:00","dateModified":"2023-11-24T16:39:29+00:00","breadcrumb":{"@id":"https:\/\/yelabrodesser.com\/?page_id=171#breadcrumb"},"inLanguage":"de-AT","potentialAction":[{"@type":"ReadAction","target":["https:\/\/yelabrodesser.com\/?page_id=171"]}]},{"@type":"BreadcrumbList","@id":"https:\/\/yelabrodesser.com\/?page_id=171#breadcrumb","itemListElement":[{"@type":"ListItem","position":1,"name":"Home","item":"https:\/\/yelabrodesser.com\/"},{"@type":"ListItem","position":2,"name":"Rote Erde"}]},{"@type":"WebSite","@id":"https:\/\/yelabrodesser.com\/#website","url":"https:\/\/yelabrodesser.com\/","name":"Yela Brodesser","description":"","potentialAction":[{"@type":"SearchAction","target":{"@type":"EntryPoint","urlTemplate":"https:\/\/yelabrodesser.com\/?s={search_term_string}"},"query-input":"required name=search_term_string"}],"inLanguage":"de-AT"}]}},"_links":{"self":[{"href":"https:\/\/yelabrodesser.com\/index.php?rest_route=\/wp\/v2\/pages\/171","targetHints":{"allow":["GET"]}}],"collection":[{"href":"https:\/\/yelabrodesser.com\/index.php?rest_route=\/wp\/v2\/pages"}],"about":[{"href":"https:\/\/yelabrodesser.com\/index.php?rest_route=\/wp\/v2\/types\/page"}],"author":[{"embeddable":true,"href":"https:\/\/yelabrodesser.com\/index.php?rest_route=\/wp\/v2\/users\/1"}],"replies":[{"embeddable":true,"href":"https:\/\/yelabrodesser.com\/index.php?rest_route=%2Fwp%2Fv2%2Fcomments&post=171"}],"version-history":[{"count":19,"href":"https:\/\/yelabrodesser.com\/index.php?rest_route=\/wp\/v2\/pages\/171\/revisions"}],"predecessor-version":[{"id":513,"href":"https:\/\/yelabrodesser.com\/index.php?rest_route=\/wp\/v2\/pages\/171\/revisions\/513"}],"wp:attachment":[{"href":"https:\/\/yelabrodesser.com\/index.php?rest_route=%2Fwp%2Fv2%2Fmedia&parent=171"}],"curies":[{"name":"wp","href":"https:\/\/api.w.org\/{rel}","templated":true}]}}