{"id":260,"date":"2022-03-31T14:36:59","date_gmt":"2022-03-31T14:36:59","guid":{"rendered":"https:\/\/yelabrodesser.com\/?page_id=260"},"modified":"2023-01-29T14:35:04","modified_gmt":"2023-01-29T14:35:04","slug":"musik","status":"publish","type":"page","link":"https:\/\/yelabrodesser.com\/?page_id=260","title":{"rendered":"Musik"},"content":{"rendered":"<div id=\"pl-260\"  class=\"panel-layout\" ><div id=\"pg-260-0\"  class=\"panel-grid panel-no-style\" ><div id=\"pgc-260-0-0\"  class=\"panel-grid-cell\" ><div id=\"panel-260-0-0-0\" class=\"so-panel widget widget_sow-editor panel-first-child panel-last-child\" data-index=\"0\" ><div\n\t\t\t\n\t\t\tclass=\"so-widget-sow-editor so-widget-sow-editor-base\"\n\t\t\t\n\t\t><h3 class=\"widget-title\">Discografie<\/h3>\n<div class=\"siteorigin-widget-tinymce textwidget\">\n\t<p>Gerne kannst du die CDs bei mir unter <a href=\"mailto:leelaa@gmx.at\">leelaa@gmx.at<\/a> bestellen. Die Kenebonda CDs sind auch \u00fcber die g\u00e4ngigen Streamingplattformen erh\u00e4ltlich.<\/p>\n<\/div>\n<\/div><\/div><\/div><\/div><div id=\"pg-260-1\"  class=\"panel-grid panel-no-style\" ><div id=\"pgc-260-1-0\"  class=\"panel-grid-cell\" ><div id=\"panel-260-1-0-0\" class=\"so-panel widget widget_sow-image panel-first-child panel-last-child\" data-index=\"1\" ><div\n\t\t\t\n\t\t\tclass=\"so-widget-sow-image so-widget-sow-image-default-d6014b76747a-260\"\n\t\t\t\n\t\t>\n\n<div class=\"sow-image-container\">\n\t\t<img decoding=\"async\" src=\"https:\/\/yelabrodesser.com\/wp-content\/uploads\/2022\/03\/Kenebonda-In-your-Eyes-300x269.png\" width=\"300\" height=\"269\" srcset=\"https:\/\/yelabrodesser.com\/wp-content\/uploads\/2022\/03\/Kenebonda-In-your-Eyes-300x269.png 300w, https:\/\/yelabrodesser.com\/wp-content\/uploads\/2022\/03\/Kenebonda-In-your-Eyes-768x688.png 768w, https:\/\/yelabrodesser.com\/wp-content\/uploads\/2022\/03\/Kenebonda-In-your-Eyes.png 1024w\" sizes=\"auto, (max-width: 300px) 100vw, 300px\" title=\"Kenebonda &#8211; In your Eyes\" alt=\"\" loading=\"lazy\" \t\tclass=\"so-widget-image\"\/>\n\t<\/div>\n\n<\/div><\/div><\/div><div id=\"pgc-260-1-1\"  class=\"panel-grid-cell\" ><div id=\"panel-260-1-1-0\" class=\"so-panel widget widget_sow-editor panel-first-child panel-last-child\" data-index=\"2\" ><div\n\t\t\t\n\t\t\tclass=\"so-widget-sow-editor so-widget-sow-editor-base\"\n\t\t\t\n\t\t><h3 class=\"widget-title\">Kenebonda - In your Eyes<\/h3>\n<div class=\"siteorigin-widget-tinymce textwidget\">\n\t<div class=\"siteorigin-widget-tinymce textwidget\">\n<p>ALBUM: 12 Titel<\/p>\n<p>Die CD \"In your Eyes\" ist die neueste Ver\u00f6ffentlichung der Band Kenebonda.<\/p>\n<p>Kenebonda nimmt Dich mit auf eine bunte musikalische Reise. Die Klanglandschaften der Band reichen von sanften und zarten Handpan- und Fl\u00f6tensounds bis hin zu groovigen und knackigen Percussion-Kompositionen. Die sph\u00e4rischen Vocals von Yela verschmelzen mit Coalmans packenden Reimen, wie die Morgend\u00e4mmerung mit der Mittagssonne. Kenebonda verbindet verschiedene Musikkulturen und -stile zu einem einzigartigen Klang, der die H\u00f6rer zum Tr\u00e4umen und Tanzen einl\u00e4dt.<\/p>\n<\/div>\n<p><a href=\"https:\/\/open.spotify.com\/track\/6r2mYKmD0GhlsaqI80yfkE?go=1&amp;sp_cid=1f5dc055e8defdd99b4c468f88361c5e&amp;utm_source=embed_player_m&amp;utm_medium=desktop&amp;nd=1\">Spotify<\/a><\/p>\n<p><a href=\"https:\/\/www.amazon.de\/music\/player\/albums\/B08ZHXTV53?ref=sr_1_1&amp;s=dmusic&amp;__mk_de_DE=%C3%85M%C3%85%C5%BD%C3%95%C3%91&amp;keywords=Kenebonda+in+your+eyes+album&amp;crid=37RLWRZ6WK20R&amp;sprefix=kenebonda+in+your+eyes+alb%2Cdigital-music%2C126&amp;qid=1647412373&amp;sr=1-1\">Amazon<\/a><\/p>\n<p><a href=\"https:\/\/music.youtube.com\/channel\/UCQv0Y6Mx6mvo2v-_RfR-STA\">Youtube Music<\/a><\/p>\n<\/div>\n<\/div><\/div><\/div><\/div><div id=\"pg-260-2\"  class=\"panel-grid panel-no-style\" ><div id=\"pgc-260-2-0\"  class=\"panel-grid-cell\" ><div id=\"panel-260-2-0-0\" class=\"so-panel widget widget_sow-image panel-first-child panel-last-child\" data-index=\"3\" ><div\n\t\t\t\n\t\t\tclass=\"so-widget-sow-image so-widget-sow-image-default-d6014b76747a-260\"\n\t\t\t\n\t\t>\n\n<div class=\"sow-image-container\">\n\t\t<img decoding=\"async\" src=\"https:\/\/yelabrodesser.com\/wp-content\/uploads\/2022\/03\/Cover_web-768x694-1-300x271.jpg\" width=\"300\" height=\"271\" srcset=\"https:\/\/yelabrodesser.com\/wp-content\/uploads\/2022\/03\/Cover_web-768x694-1-300x271.jpg 300w, https:\/\/yelabrodesser.com\/wp-content\/uploads\/2022\/03\/Cover_web-768x694-1.jpg 768w\" sizes=\"auto, (max-width: 300px) 100vw, 300px\" title=\"Cover_web-768&#215;694\" alt=\"\" loading=\"lazy\" \t\tclass=\"so-widget-image\"\/>\n\t<\/div>\n\n<\/div><\/div><\/div><div id=\"pgc-260-2-1\"  class=\"panel-grid-cell\" ><div id=\"panel-260-2-1-0\" class=\"so-panel widget widget_sow-editor panel-first-child panel-last-child\" data-index=\"4\" ><div\n\t\t\t\n\t\t\tclass=\"so-widget-sow-editor so-widget-sow-editor-base\"\n\t\t\t\n\t\t><h3 class=\"widget-title\">Kenebonda - Earthsound Grooves<\/h3>\n<div class=\"siteorigin-widget-tinymce textwidget\">\n\t<p>ALBUM: 12 Titel<\/p>\n<p>Die CD \"Earthsound Grooves\" ist eine Produktion des Kenebonda Duos mit Gastmusikern.<\/p>\n<p>Kenebonda nimmt das Publikum mit auf eine Reise in die Welt des Rhythmus. Die erschaffenen Klangwelten reichen von sanften und zarten Kl\u00e4ngen von Handpans und indischen Tablas \u00fcber groovig, knackige Kompositionen mit Cajons und afrikanischen Schlitztrommel bis hin zu ekstatischen, trancig-feurigen westafrikanischen Djemberhythmen.<\/p>\n<p><a href=\"https:\/\/open.spotify.com\/album\/4yX3YC6ydPbz99xNisXNx0\">Spotify<\/a><\/p>\n<p><a href=\"https:\/\/www.amazon.de\/Earthsound-Grooves-Kenebonda\/dp\/B01M4QG2FO\">Amazon<\/a><\/p>\n<\/div>\n<\/div><\/div><\/div><\/div><div id=\"pg-260-3\"  class=\"panel-grid panel-no-style\" ><div id=\"pgc-260-3-0\"  class=\"panel-grid-cell\" ><div id=\"panel-260-3-0-0\" class=\"so-panel widget widget_sow-image panel-first-child panel-last-child\" data-index=\"5\" ><div\n\t\t\t\n\t\t\tclass=\"so-widget-sow-image so-widget-sow-image-default-d6014b76747a-260\"\n\t\t\t\n\t\t>\n\n<div class=\"sow-image-container\">\n\t\t<img decoding=\"async\" src=\"https:\/\/yelabrodesser.com\/wp-content\/uploads\/2022\/03\/Jah-Riddim-Like-Gold-300x300.jpg\" width=\"300\" height=\"300\" srcset=\"https:\/\/yelabrodesser.com\/wp-content\/uploads\/2022\/03\/Jah-Riddim-Like-Gold-300x300.jpg 300w, https:\/\/yelabrodesser.com\/wp-content\/uploads\/2022\/03\/Jah-Riddim-Like-Gold-1024x1024.jpg 1024w, https:\/\/yelabrodesser.com\/wp-content\/uploads\/2022\/03\/Jah-Riddim-Like-Gold-150x150.jpg 150w, https:\/\/yelabrodesser.com\/wp-content\/uploads\/2022\/03\/Jah-Riddim-Like-Gold-768x768.jpg 768w, https:\/\/yelabrodesser.com\/wp-content\/uploads\/2022\/03\/Jah-Riddim-Like-Gold-1140x1140.jpg 1140w, https:\/\/yelabrodesser.com\/wp-content\/uploads\/2022\/03\/Jah-Riddim-Like-Gold-75x75.jpg 75w, https:\/\/yelabrodesser.com\/wp-content\/uploads\/2022\/03\/Jah-Riddim-Like-Gold.jpg 1488w\" sizes=\"auto, (max-width: 300px) 100vw, 300px\" title=\"Jah Riddim &#8211; Like Gold\" alt=\"\" loading=\"lazy\" \t\tclass=\"so-widget-image\"\/>\n\t<\/div>\n\n<\/div><\/div><\/div><div id=\"pgc-260-3-1\"  class=\"panel-grid-cell\" ><div id=\"panel-260-3-1-0\" class=\"so-panel widget widget_sow-editor panel-first-child panel-last-child\" data-index=\"6\" ><div\n\t\t\t\n\t\t\tclass=\"so-widget-sow-editor so-widget-sow-editor-base\"\n\t\t\t\n\t\t><h3 class=\"widget-title\">Jah Riddim - Like Gold<\/h3>\n<div class=\"siteorigin-widget-tinymce textwidget\">\n\t<div class=\"kvgmc6g5 cxmmr5t8 oygrvhab hcukyx3x c1et5uql\">\n<div dir=\"auto\">Die CD Like Gold ist eine Cd der Band Jah Riddim aus dem Jahr 2012.<\/div>\n<div dir=\"auto\"><\/div>\n<div dir=\"auto\">Bei Jah Riddim treffen eine Hand voll MusikerInnen aus den unterschiedlichsten Genres aufeinander und ihre musikalischen Kommunikationen reichen von kraftvollen, perkussiven Tanzelementen bis hin zu sanften, weichen Klangkreationen.<\/div>\n<\/div>\n<div class=\"o9v6fnle cxmmr5t8 oygrvhab hcukyx3x c1et5uql\">\n<div dir=\"auto\">Der Klangreichtum der Gruppe wird durch ein buntes Instrumentarium aus diversen Kulturen erreicht. Westafrikanische Djemben und Dunduns treffen hier auf das australische Didgeridoo, genauso wie das Hang mit seinem harfenartigen Klang von einer weichen Bassklarinette umspielt wird. Die Vocals von MC Coalman geben der Musik von Jah Riddim ihren typischen Charakter, und wer auf die Texte \u00fcber \u201eJah und die Welt\u201c h\u00f6rt, erkennt viele Themen, die den Lebensrhythmus im multikulturellen Wien ausmachen.<\/div>\n<\/div>\n<div class=\"o9v6fnle cxmmr5t8 oygrvhab hcukyx3x c1et5uql\">\n<div dir=\"auto\">Eine wahre Weltmusikfusion, die zum Grooven bringt und unter die Haut geht.<\/div>\n<\/div>\n<div class=\"o9v6fnle cxmmr5t8 oygrvhab hcukyx3x c1et5uql\">\n<div dir=\"auto\"><\/div>\n<\/div>\n<\/div>\n<\/div><\/div><\/div><\/div><div id=\"pg-260-4\"  class=\"panel-grid panel-no-style\" ><div id=\"pgc-260-4-0\"  class=\"panel-grid-cell\" ><div id=\"panel-260-4-0-0\" class=\"so-panel widget widget_sow-editor panel-first-child panel-last-child\" data-index=\"7\" ><div\n\t\t\t\n\t\t\tclass=\"so-widget-sow-editor so-widget-sow-editor-base\"\n\t\t\t\n\t\t>\n<div class=\"siteorigin-widget-tinymce textwidget\">\n\t<\/div>\n<\/div><\/div><\/div><\/div><div id=\"pg-260-5\"  class=\"panel-grid panel-no-style\" ><div id=\"pgc-260-5-0\"  class=\"panel-grid-cell\" ><div id=\"panel-260-5-0-0\" class=\"so-panel widget widget_sow-image panel-first-child panel-last-child\" data-index=\"8\" ><div\n\t\t\t\n\t\t\tclass=\"so-widget-sow-image so-widget-sow-image-default-d6014b76747a-260\"\n\t\t\t\n\t\t>\n\n<div class=\"sow-image-container\">\n\t\t<img decoding=\"async\" src=\"https:\/\/yelabrodesser.com\/wp-content\/uploads\/2022\/03\/Rhyd-Mantra-Sessions-Kopie-300x300-1-300x300.jpg\" width=\"300\" height=\"300\" srcset=\"https:\/\/yelabrodesser.com\/wp-content\/uploads\/2022\/03\/Rhyd-Mantra-Sessions-Kopie-300x300-1.jpg 300w, https:\/\/yelabrodesser.com\/wp-content\/uploads\/2022\/03\/Rhyd-Mantra-Sessions-Kopie-300x300-1-150x150.jpg 150w, https:\/\/yelabrodesser.com\/wp-content\/uploads\/2022\/03\/Rhyd-Mantra-Sessions-Kopie-300x300-1-75x75.jpg 75w\" sizes=\"auto, (max-width: 300px) 100vw, 300px\" title=\"Rhyd-Mantra-Sessions-Kopie-300&#215;300\" alt=\"\" loading=\"lazy\" \t\tclass=\"so-widget-image\"\/>\n\t<\/div>\n\n<\/div><\/div><\/div><div id=\"pgc-260-5-1\"  class=\"panel-grid-cell\" ><div id=\"panel-260-5-1-0\" class=\"so-panel widget widget_sow-editor panel-first-child panel-last-child\" data-index=\"9\" ><div\n\t\t\t\n\t\t\tclass=\"so-widget-sow-editor so-widget-sow-editor-base\"\n\t\t\t\n\t\t><h3 class=\"widget-title\">An diesem CD-Projekt durfte ich als Gastmusikerin mitwirken:<\/h3>\n<div class=\"siteorigin-widget-tinymce textwidget\">\n\t<div>Einige Aufnahmen von Mantra Sessions mit Musikern rund um Ron Jagannath haben zu dieser CD gef\u00fchrt<\/div>\n<div><\/div>\n<div class=\"siteorigin-widget-tinymce textwidget\">R_Ron - Vocals, Guitar<br \/>\nH_Heike - Vocals, Harmonium<br \/>\nY_Yela - Vocals, Percussions<br \/>\nD_Daniel - Percussions<\/div>\n<div class=\"siteorigin-widget-tinymce textwidget\"><a href=\"https:\/\/www.mantras-w4.at\/english-1\/ron-jagannath-mantras-songs\/\">...mehr...<\/a><\/div>\n<\/div>\n<\/div><\/div><\/div><\/div><\/div>","protected":false},"excerpt":{"rendered":"<p>Gerne kannst du die CDs bei mir unter leelaa@gmx.at bestellen. Die Kenebonda CDs sind auch \u00fcber die g\u00e4ngigen Streamingplattformen erh\u00e4ltlich. ALBUM: 12 Titel Die CD &#8222;In your Eyes&#8220; ist die neueste Ver\u00f6ffentlichung der Band Kenebonda. Kenebonda nimmt Dich mit auf eine bunte musikalische Reise. Die Klanglandschaften der Band reichen von sanften und zarten Handpan- und Fl\u00f6tensounds bis hin zu groovigen und knackigen Percussion-Kompositionen. Die sph\u00e4rischen Vocals von Yela verschmelzen mit Coalmans packenden Reimen, wie die Morgend\u00e4mmerung mit der Mittagssonne. Kenebonda verbindet verschiedene Musikkulturen und -stile zu einem einzigartigen Klang, der die H\u00f6rer zum Tr\u00e4umen und Tanzen einl\u00e4dt. Spotify Amazon Youtube Music<\/p>\n","protected":false},"author":1,"featured_media":0,"parent":0,"menu_order":0,"comment_status":"closed","ping_status":"closed","template":"","meta":{"footnotes":""},"class_list":["post-260","page","type-page","status-publish","hentry"],"yoast_head":"<!-- This site is optimized with the Yoast SEO plugin v20.4 - https:\/\/yoast.com\/wordpress\/plugins\/seo\/ -->\n<title>Musik - Yela Brodesser<\/title>\n<meta name=\"robots\" content=\"index, follow, max-snippet:-1, max-image-preview:large, max-video-preview:-1\" \/>\n<link rel=\"canonical\" href=\"https:\/\/yelabrodesser.com\/?page_id=260\" \/>\n<meta property=\"og:locale\" content=\"de_DE\" \/>\n<meta property=\"og:type\" content=\"article\" \/>\n<meta property=\"og:title\" content=\"Musik - Yela Brodesser\" \/>\n<meta property=\"og:description\" content=\"Gerne kannst du die CDs bei mir unter leelaa@gmx.at bestellen. Die Kenebonda CDs sind auch \u00fcber die g\u00e4ngigen Streamingplattformen erh\u00e4ltlich. ALBUM: 12 Titel Die CD &quot;In your Eyes&quot; ist die neueste Ver\u00f6ffentlichung der Band Kenebonda. Kenebonda nimmt Dich mit auf eine bunte musikalische Reise. Die Klanglandschaften der Band reichen von sanften und zarten Handpan- und Fl\u00f6tensounds bis hin zu groovigen und knackigen Percussion-Kompositionen. Die sph\u00e4rischen Vocals von Yela verschmelzen mit Coalmans packenden Reimen, wie die Morgend\u00e4mmerung mit der Mittagssonne. Kenebonda verbindet verschiedene Musikkulturen und -stile zu einem einzigartigen Klang, der die H\u00f6rer zum Tr\u00e4umen und Tanzen einl\u00e4dt. Spotify Amazon Youtube Music\" \/>\n<meta property=\"og:url\" content=\"https:\/\/yelabrodesser.com\/?page_id=260\" \/>\n<meta property=\"og:site_name\" content=\"Yela Brodesser\" \/>\n<meta property=\"article:modified_time\" content=\"2023-01-29T14:35:04+00:00\" \/>\n<meta name=\"twitter:card\" content=\"summary_large_image\" \/>\n<meta name=\"twitter:label1\" content=\"Gesch\u00e4tzte Lesezeit\" \/>\n\t<meta name=\"twitter:data1\" content=\"2 Minuten\" \/>\n<script type=\"application\/ld+json\" class=\"yoast-schema-graph\">{\"@context\":\"https:\/\/schema.org\",\"@graph\":[{\"@type\":\"WebPage\",\"@id\":\"https:\/\/yelabrodesser.com\/?page_id=260\",\"url\":\"https:\/\/yelabrodesser.com\/?page_id=260\",\"name\":\"Musik - Yela Brodesser\",\"isPartOf\":{\"@id\":\"https:\/\/yelabrodesser.com\/#website\"},\"datePublished\":\"2022-03-31T14:36:59+00:00\",\"dateModified\":\"2023-01-29T14:35:04+00:00\",\"breadcrumb\":{\"@id\":\"https:\/\/yelabrodesser.com\/?page_id=260#breadcrumb\"},\"inLanguage\":\"de-AT\",\"potentialAction\":[{\"@type\":\"ReadAction\",\"target\":[\"https:\/\/yelabrodesser.com\/?page_id=260\"]}]},{\"@type\":\"BreadcrumbList\",\"@id\":\"https:\/\/yelabrodesser.com\/?page_id=260#breadcrumb\",\"itemListElement\":[{\"@type\":\"ListItem\",\"position\":1,\"name\":\"Home\",\"item\":\"https:\/\/yelabrodesser.com\/\"},{\"@type\":\"ListItem\",\"position\":2,\"name\":\"Musik\"}]},{\"@type\":\"WebSite\",\"@id\":\"https:\/\/yelabrodesser.com\/#website\",\"url\":\"https:\/\/yelabrodesser.com\/\",\"name\":\"Yela Brodesser\",\"description\":\"\",\"potentialAction\":[{\"@type\":\"SearchAction\",\"target\":{\"@type\":\"EntryPoint\",\"urlTemplate\":\"https:\/\/yelabrodesser.com\/?s={search_term_string}\"},\"query-input\":\"required name=search_term_string\"}],\"inLanguage\":\"de-AT\"}]}<\/script>\n<!-- \/ Yoast SEO plugin. -->","yoast_head_json":{"title":"Musik - Yela Brodesser","robots":{"index":"index","follow":"follow","max-snippet":"max-snippet:-1","max-image-preview":"max-image-preview:large","max-video-preview":"max-video-preview:-1"},"canonical":"https:\/\/yelabrodesser.com\/?page_id=260","og_locale":"de_DE","og_type":"article","og_title":"Musik - Yela Brodesser","og_description":"Gerne kannst du die CDs bei mir unter leelaa@gmx.at bestellen. Die Kenebonda CDs sind auch \u00fcber die g\u00e4ngigen Streamingplattformen erh\u00e4ltlich. ALBUM: 12 Titel Die CD \"In your Eyes\" ist die neueste Ver\u00f6ffentlichung der Band Kenebonda. Kenebonda nimmt Dich mit auf eine bunte musikalische Reise. Die Klanglandschaften der Band reichen von sanften und zarten Handpan- und Fl\u00f6tensounds bis hin zu groovigen und knackigen Percussion-Kompositionen. Die sph\u00e4rischen Vocals von Yela verschmelzen mit Coalmans packenden Reimen, wie die Morgend\u00e4mmerung mit der Mittagssonne. Kenebonda verbindet verschiedene Musikkulturen und -stile zu einem einzigartigen Klang, der die H\u00f6rer zum Tr\u00e4umen und Tanzen einl\u00e4dt. Spotify Amazon Youtube Music","og_url":"https:\/\/yelabrodesser.com\/?page_id=260","og_site_name":"Yela Brodesser","article_modified_time":"2023-01-29T14:35:04+00:00","twitter_card":"summary_large_image","twitter_misc":{"Gesch\u00e4tzte Lesezeit":"2 Minuten"},"schema":{"@context":"https:\/\/schema.org","@graph":[{"@type":"WebPage","@id":"https:\/\/yelabrodesser.com\/?page_id=260","url":"https:\/\/yelabrodesser.com\/?page_id=260","name":"Musik - Yela Brodesser","isPartOf":{"@id":"https:\/\/yelabrodesser.com\/#website"},"datePublished":"2022-03-31T14:36:59+00:00","dateModified":"2023-01-29T14:35:04+00:00","breadcrumb":{"@id":"https:\/\/yelabrodesser.com\/?page_id=260#breadcrumb"},"inLanguage":"de-AT","potentialAction":[{"@type":"ReadAction","target":["https:\/\/yelabrodesser.com\/?page_id=260"]}]},{"@type":"BreadcrumbList","@id":"https:\/\/yelabrodesser.com\/?page_id=260#breadcrumb","itemListElement":[{"@type":"ListItem","position":1,"name":"Home","item":"https:\/\/yelabrodesser.com\/"},{"@type":"ListItem","position":2,"name":"Musik"}]},{"@type":"WebSite","@id":"https:\/\/yelabrodesser.com\/#website","url":"https:\/\/yelabrodesser.com\/","name":"Yela Brodesser","description":"","potentialAction":[{"@type":"SearchAction","target":{"@type":"EntryPoint","urlTemplate":"https:\/\/yelabrodesser.com\/?s={search_term_string}"},"query-input":"required name=search_term_string"}],"inLanguage":"de-AT"}]}},"_links":{"self":[{"href":"https:\/\/yelabrodesser.com\/index.php?rest_route=\/wp\/v2\/pages\/260","targetHints":{"allow":["GET"]}}],"collection":[{"href":"https:\/\/yelabrodesser.com\/index.php?rest_route=\/wp\/v2\/pages"}],"about":[{"href":"https:\/\/yelabrodesser.com\/index.php?rest_route=\/wp\/v2\/types\/page"}],"author":[{"embeddable":true,"href":"https:\/\/yelabrodesser.com\/index.php?rest_route=\/wp\/v2\/users\/1"}],"replies":[{"embeddable":true,"href":"https:\/\/yelabrodesser.com\/index.php?rest_route=%2Fwp%2Fv2%2Fcomments&post=260"}],"version-history":[{"count":11,"href":"https:\/\/yelabrodesser.com\/index.php?rest_route=\/wp\/v2\/pages\/260\/revisions"}],"predecessor-version":[{"id":446,"href":"https:\/\/yelabrodesser.com\/index.php?rest_route=\/wp\/v2\/pages\/260\/revisions\/446"}],"wp:attachment":[{"href":"https:\/\/yelabrodesser.com\/index.php?rest_route=%2Fwp%2Fv2%2Fmedia&parent=260"}],"curies":[{"name":"wp","href":"https:\/\/api.w.org\/{rel}","templated":true}]}}