{"id":360,"date":"2022-04-21T13:15:11","date_gmt":"2022-04-21T13:15:11","guid":{"rendered":"https:\/\/yelabrodesser.com\/?page_id=360"},"modified":"2024-04-10T19:00:23","modified_gmt":"2024-04-10T19:00:23","slug":"angebote","status":"publish","type":"page","link":"https:\/\/yelabrodesser.com\/?page_id=360","title":{"rendered":"Angebote"},"content":{"rendered":"<div id=\"pl-360\"  class=\"panel-layout\" ><div id=\"pg-360-0\"  class=\"panel-grid panel-no-style\" ><div id=\"pgc-360-0-0\"  class=\"panel-grid-cell\" ><div id=\"panel-360-0-0-0\" class=\"so-panel widget widget_sow-editor panel-first-child\" data-index=\"0\" ><div\n\t\t\t\n\t\t\tclass=\"so-widget-sow-editor so-widget-sow-editor-base\"\n\t\t\t\n\t\t>\n<div class=\"siteorigin-widget-tinymce textwidget\">\n\t<p>&nbsp;<\/p>\n<hr \/>\n<h3 style=\"text-align: center;\">Lesungen:<\/h3>\n<p>&nbsp;<\/p>\n<\/div>\n<\/div><\/div><div id=\"panel-360-0-0-1\" class=\"so-panel widget widget_sow-image\" data-index=\"1\" ><div\n\t\t\t\n\t\t\tclass=\"so-widget-sow-image so-widget-sow-image-default-17bc2272b535-360\"\n\t\t\t\n\t\t>\n\n<div class=\"sow-image-container\">\n\t\t<img decoding=\"async\" src=\"https:\/\/yelabrodesser.com\/wp-content\/uploads\/2024\/04\/Yela_Leipzig-768x576.jpg\" width=\"768\" height=\"576\" srcset=\"https:\/\/yelabrodesser.com\/wp-content\/uploads\/2024\/04\/Yela_Leipzig-768x576.jpg 768w, https:\/\/yelabrodesser.com\/wp-content\/uploads\/2024\/04\/Yela_Leipzig-300x225.jpg 300w, https:\/\/yelabrodesser.com\/wp-content\/uploads\/2024\/04\/Yela_Leipzig.jpg 800w\" sizes=\"auto, (max-width: 768px) 100vw, 768px\" alt=\"\" loading=\"lazy\" \t\tclass=\"so-widget-image\"\/>\n\t<\/div>\n\n<\/div><\/div><div id=\"panel-360-0-0-2\" class=\"so-panel widget widget_sow-editor\" data-index=\"2\" ><div\n\t\t\t\n\t\t\tclass=\"so-widget-sow-editor so-widget-sow-editor-base\"\n\t\t\t\n\t\t>\n<div class=\"siteorigin-widget-tinymce textwidget\">\n\t<p><strong> MUSIKALISCHE LESUNG AUS DEN ROMANEN VON YELA BRODESSER<\/strong><\/p>\n<p>Durch die musikalische Lesung aus den Romanen werden die Zuh\u00f6rer f\u00fcr einen Abend auf eine Reise in eine andere Welt geschickt. Die gelesenen Textausschnitte werden von grooviger Musik der Gruppe Kenebonda auf diversen afrikanischen Trommeln und spannenden Instrumenten aus aller Welt umrahmt.<\/p>\n<p><strong>DER ROMAN ROTE ERDE<\/strong><\/p>\n<p>Hannah reist nach Guinea und taucht in die lebendige Musikszene Conakrys ein. Das faszinierende afrikanische Leben zieht sie in seinen Bann. Sie verliebt sich in einen Musiker und erkundet gemeinsam mit ihm das bunte Treiben der Gro\u00dfstadt. Bald findet jedoch eine Demonstration statt, die vom Milit\u00e4r brutal niedergeschossen wird und pl\u00f6tzlich herrschen b\u00fcrgerkriegs\u00e4hnliche Zust\u00e4nde in der Stadt. Hannahs Freund ist in die politischen Wirren involviert und muss fliehen. Hannah begleitet ihn kurz entschlossen auf seiner gef\u00e4hrlichen Flucht.<\/p>\n<p><strong>DER ROMAN GESTRANDET<\/strong><\/p>\n<p>Fode sitzt im Senegal fest, nachdem er wegen politischer Verfolgung aus seinem Heimatland Guinea fl\u00fcchten musste. Seine Freundin Hannah versucht in Wien alle Hebel in Bewegung zu setzen, um ihm eine Einreise nach \u00d6sterreich zu erm\u00f6glichen. Doch die b\u00fcrokratischen Hindernisse sind un\u00fcberwindbar, und Fode sieht sich gezwungen, die Flucht \u00fcber Mali, Niger, Libyen und die Mittelmeerroute nach Sizilien anzutreten. Wird er brutale Schlepper, die endlose W\u00fcste und das furchterregende Meer \u00fcberleben?<\/p>\n<p><strong>DIE MUSIK<\/strong><\/p>\n<p>Das Kenebonda Duo nimmt das Publikum mit auf eine Reise in eine andere Welt. Mit\u00a0 sanften Kl\u00e4ngen von Handpans, Rahmentrommeln, diversen\u00a0 Percussioninstrumenten und Gesang erschaffen sie sph\u00e4rische\u00a0 Klangwelten.<br \/>\n<a href=\"http:\/\/www.kenebonda.at\" target=\"_blank\" rel=\"noopener\">www.kenebonda.at<\/a><\/p>\n<h3 class=\"widget-title\"><\/h3>\n<\/div>\n<\/div><\/div><div id=\"panel-360-0-0-3\" class=\"so-panel widget widget_sow-image panel-last-child\" data-index=\"3\" ><div\n\t\t\t\n\t\t\tclass=\"so-widget-sow-image so-widget-sow-image-default-d6014b76747a-360\"\n\t\t\t\n\t\t>\n\n<div class=\"sow-image-container\">\n\t\t<img decoding=\"async\" src=\"https:\/\/yelabrodesser.com\/wp-content\/uploads\/2024\/04\/Coburg-Kenebonda-300x219.jpg\" width=\"300\" height=\"219\" srcset=\"https:\/\/yelabrodesser.com\/wp-content\/uploads\/2024\/04\/Coburg-Kenebonda-300x219.jpg 300w, https:\/\/yelabrodesser.com\/wp-content\/uploads\/2024\/04\/Coburg-Kenebonda.jpg 600w\" sizes=\"auto, (max-width: 300px) 100vw, 300px\" title=\"Coburg Kenebonda\" alt=\"\" loading=\"lazy\" \t\tclass=\"so-widget-image\"\/>\n\t<\/div>\n\n<\/div><\/div><\/div><\/div><\/div>","protected":false},"excerpt":{"rendered":"<p>&nbsp; Lesungen: &nbsp; MUSIKALISCHE LESUNG AUS DEN ROMANEN VON YELA BRODESSER Durch die musikalische Lesung aus den Romanen werden die Zuh\u00f6rer f\u00fcr einen Abend auf eine Reise in eine andere Welt geschickt. Die gelesenen Textausschnitte werden von grooviger Musik der Gruppe Kenebonda auf diversen afrikanischen Trommeln und spannenden Instrumenten aus aller Welt umrahmt. DER ROMAN ROTE ERDE Hannah reist nach Guinea und taucht in die lebendige Musikszene Conakrys ein. Das faszinierende afrikanische Leben zieht sie in seinen Bann. Sie verliebt sich in einen Musiker und erkundet gemeinsam mit ihm das bunte Treiben der Gro\u00dfstadt. Bald findet jedoch eine Demonstration statt, die vom Milit\u00e4r brutal niedergeschossen wird und pl\u00f6tzlich herrschen b\u00fcrgerkriegs\u00e4hnliche Zust\u00e4nde in der Stadt. Hannahs Freund ist in die politischen Wirren involviert und muss fliehen. Hannah begleitet ihn kurz entschlossen auf seiner gef\u00e4hrlichen Flucht. DER ROMAN GESTRANDET Fode sitzt im Senegal fest, nachdem er wegen politischer Verfolgung aus seinem Heimatland Guinea fl\u00fcchten musste. Seine Freundin Hannah versucht in Wien alle Hebel in Bewegung zu setzen, um ihm eine Einreise nach \u00d6sterreich zu erm\u00f6glichen. Doch die b\u00fcrokratischen Hindernisse sind un\u00fcberwindbar, und Fode sieht sich gezwungen, die Flucht \u00fcber Mali, Niger, Libyen und die Mittelmeerroute nach Sizilien anzutreten. Wird er brutale Schlepper, die endlose W\u00fcste und das furchterregende Meer \u00fcberleben? DIE MUSIK Das Kenebonda Duo nimmt das Publikum mit auf eine Reise in eine andere Welt. Mit\u00a0 sanften Kl\u00e4ngen von Handpans, Rahmentrommeln, diversen\u00a0 Percussioninstrumenten und Gesang erschaffen sie sph\u00e4rische\u00a0 Klangwelten. www.kenebonda.at<\/p>\n","protected":false},"author":1,"featured_media":0,"parent":0,"menu_order":0,"comment_status":"closed","ping_status":"closed","template":"","meta":{"footnotes":""},"class_list":["post-360","page","type-page","status-publish","hentry"],"yoast_head":"<!-- This site is optimized with the Yoast SEO plugin v20.4 - https:\/\/yoast.com\/wordpress\/plugins\/seo\/ -->\n<title>Angebote - Yela Brodesser<\/title>\n<meta name=\"robots\" content=\"index, follow, max-snippet:-1, max-image-preview:large, max-video-preview:-1\" \/>\n<link rel=\"canonical\" href=\"https:\/\/yelabrodesser.com\/?page_id=360\" \/>\n<meta property=\"og:locale\" content=\"de_DE\" \/>\n<meta property=\"og:type\" content=\"article\" \/>\n<meta property=\"og:title\" content=\"Angebote - Yela Brodesser\" \/>\n<meta property=\"og:description\" content=\"&nbsp; Lesungen: &nbsp; MUSIKALISCHE LESUNG AUS DEN ROMANEN VON YELA BRODESSER Durch die musikalische Lesung aus den Romanen werden die Zuh\u00f6rer f\u00fcr einen Abend auf eine Reise in eine andere Welt geschickt. Die gelesenen Textausschnitte werden von grooviger Musik der Gruppe Kenebonda auf diversen afrikanischen Trommeln und spannenden Instrumenten aus aller Welt umrahmt. DER ROMAN ROTE ERDE Hannah reist nach Guinea und taucht in die lebendige Musikszene Conakrys ein. Das faszinierende afrikanische Leben zieht sie in seinen Bann. Sie verliebt sich in einen Musiker und erkundet gemeinsam mit ihm das bunte Treiben der Gro\u00dfstadt. Bald findet jedoch eine Demonstration statt, die vom Milit\u00e4r brutal niedergeschossen wird und pl\u00f6tzlich herrschen b\u00fcrgerkriegs\u00e4hnliche Zust\u00e4nde in der Stadt. Hannahs Freund ist in die politischen Wirren involviert und muss fliehen. Hannah begleitet ihn kurz entschlossen auf seiner gef\u00e4hrlichen Flucht. DER ROMAN GESTRANDET Fode sitzt im Senegal fest, nachdem er wegen politischer Verfolgung aus seinem Heimatland Guinea fl\u00fcchten musste. Seine Freundin Hannah versucht in Wien alle Hebel in Bewegung zu setzen, um ihm eine Einreise nach \u00d6sterreich zu erm\u00f6glichen. Doch die b\u00fcrokratischen Hindernisse sind un\u00fcberwindbar, und Fode sieht sich gezwungen, die Flucht \u00fcber Mali, Niger, Libyen und die Mittelmeerroute nach Sizilien anzutreten. Wird er brutale Schlepper, die endlose W\u00fcste und das furchterregende Meer \u00fcberleben? DIE MUSIK Das Kenebonda Duo nimmt das Publikum mit auf eine Reise in eine andere Welt. Mit\u00a0 sanften Kl\u00e4ngen von Handpans, Rahmentrommeln, diversen\u00a0 Percussioninstrumenten und Gesang erschaffen sie sph\u00e4rische\u00a0 Klangwelten. www.kenebonda.at\" \/>\n<meta property=\"og:url\" content=\"https:\/\/yelabrodesser.com\/?page_id=360\" \/>\n<meta property=\"og:site_name\" content=\"Yela Brodesser\" \/>\n<meta property=\"article:modified_time\" content=\"2024-04-10T19:00:23+00:00\" \/>\n<meta name=\"twitter:card\" content=\"summary_large_image\" \/>\n<meta name=\"twitter:label1\" content=\"Gesch\u00e4tzte Lesezeit\" \/>\n\t<meta name=\"twitter:data1\" content=\"2 Minuten\" \/>\n<script type=\"application\/ld+json\" class=\"yoast-schema-graph\">{\"@context\":\"https:\/\/schema.org\",\"@graph\":[{\"@type\":\"WebPage\",\"@id\":\"https:\/\/yelabrodesser.com\/?page_id=360\",\"url\":\"https:\/\/yelabrodesser.com\/?page_id=360\",\"name\":\"Angebote - Yela Brodesser\",\"isPartOf\":{\"@id\":\"https:\/\/yelabrodesser.com\/#website\"},\"datePublished\":\"2022-04-21T13:15:11+00:00\",\"dateModified\":\"2024-04-10T19:00:23+00:00\",\"breadcrumb\":{\"@id\":\"https:\/\/yelabrodesser.com\/?page_id=360#breadcrumb\"},\"inLanguage\":\"de-AT\",\"potentialAction\":[{\"@type\":\"ReadAction\",\"target\":[\"https:\/\/yelabrodesser.com\/?page_id=360\"]}]},{\"@type\":\"BreadcrumbList\",\"@id\":\"https:\/\/yelabrodesser.com\/?page_id=360#breadcrumb\",\"itemListElement\":[{\"@type\":\"ListItem\",\"position\":1,\"name\":\"Home\",\"item\":\"https:\/\/yelabrodesser.com\/\"},{\"@type\":\"ListItem\",\"position\":2,\"name\":\"Angebote\"}]},{\"@type\":\"WebSite\",\"@id\":\"https:\/\/yelabrodesser.com\/#website\",\"url\":\"https:\/\/yelabrodesser.com\/\",\"name\":\"Yela Brodesser\",\"description\":\"\",\"potentialAction\":[{\"@type\":\"SearchAction\",\"target\":{\"@type\":\"EntryPoint\",\"urlTemplate\":\"https:\/\/yelabrodesser.com\/?s={search_term_string}\"},\"query-input\":\"required name=search_term_string\"}],\"inLanguage\":\"de-AT\"}]}<\/script>\n<!-- \/ Yoast SEO plugin. -->","yoast_head_json":{"title":"Angebote - Yela Brodesser","robots":{"index":"index","follow":"follow","max-snippet":"max-snippet:-1","max-image-preview":"max-image-preview:large","max-video-preview":"max-video-preview:-1"},"canonical":"https:\/\/yelabrodesser.com\/?page_id=360","og_locale":"de_DE","og_type":"article","og_title":"Angebote - Yela Brodesser","og_description":"&nbsp; Lesungen: &nbsp; MUSIKALISCHE LESUNG AUS DEN ROMANEN VON YELA BRODESSER Durch die musikalische Lesung aus den Romanen werden die Zuh\u00f6rer f\u00fcr einen Abend auf eine Reise in eine andere Welt geschickt. Die gelesenen Textausschnitte werden von grooviger Musik der Gruppe Kenebonda auf diversen afrikanischen Trommeln und spannenden Instrumenten aus aller Welt umrahmt. DER ROMAN ROTE ERDE Hannah reist nach Guinea und taucht in die lebendige Musikszene Conakrys ein. Das faszinierende afrikanische Leben zieht sie in seinen Bann. Sie verliebt sich in einen Musiker und erkundet gemeinsam mit ihm das bunte Treiben der Gro\u00dfstadt. Bald findet jedoch eine Demonstration statt, die vom Milit\u00e4r brutal niedergeschossen wird und pl\u00f6tzlich herrschen b\u00fcrgerkriegs\u00e4hnliche Zust\u00e4nde in der Stadt. Hannahs Freund ist in die politischen Wirren involviert und muss fliehen. Hannah begleitet ihn kurz entschlossen auf seiner gef\u00e4hrlichen Flucht. DER ROMAN GESTRANDET Fode sitzt im Senegal fest, nachdem er wegen politischer Verfolgung aus seinem Heimatland Guinea fl\u00fcchten musste. Seine Freundin Hannah versucht in Wien alle Hebel in Bewegung zu setzen, um ihm eine Einreise nach \u00d6sterreich zu erm\u00f6glichen. Doch die b\u00fcrokratischen Hindernisse sind un\u00fcberwindbar, und Fode sieht sich gezwungen, die Flucht \u00fcber Mali, Niger, Libyen und die Mittelmeerroute nach Sizilien anzutreten. Wird er brutale Schlepper, die endlose W\u00fcste und das furchterregende Meer \u00fcberleben? DIE MUSIK Das Kenebonda Duo nimmt das Publikum mit auf eine Reise in eine andere Welt. Mit\u00a0 sanften Kl\u00e4ngen von Handpans, Rahmentrommeln, diversen\u00a0 Percussioninstrumenten und Gesang erschaffen sie sph\u00e4rische\u00a0 Klangwelten. www.kenebonda.at","og_url":"https:\/\/yelabrodesser.com\/?page_id=360","og_site_name":"Yela Brodesser","article_modified_time":"2024-04-10T19:00:23+00:00","twitter_card":"summary_large_image","twitter_misc":{"Gesch\u00e4tzte Lesezeit":"2 Minuten"},"schema":{"@context":"https:\/\/schema.org","@graph":[{"@type":"WebPage","@id":"https:\/\/yelabrodesser.com\/?page_id=360","url":"https:\/\/yelabrodesser.com\/?page_id=360","name":"Angebote - Yela Brodesser","isPartOf":{"@id":"https:\/\/yelabrodesser.com\/#website"},"datePublished":"2022-04-21T13:15:11+00:00","dateModified":"2024-04-10T19:00:23+00:00","breadcrumb":{"@id":"https:\/\/yelabrodesser.com\/?page_id=360#breadcrumb"},"inLanguage":"de-AT","potentialAction":[{"@type":"ReadAction","target":["https:\/\/yelabrodesser.com\/?page_id=360"]}]},{"@type":"BreadcrumbList","@id":"https:\/\/yelabrodesser.com\/?page_id=360#breadcrumb","itemListElement":[{"@type":"ListItem","position":1,"name":"Home","item":"https:\/\/yelabrodesser.com\/"},{"@type":"ListItem","position":2,"name":"Angebote"}]},{"@type":"WebSite","@id":"https:\/\/yelabrodesser.com\/#website","url":"https:\/\/yelabrodesser.com\/","name":"Yela Brodesser","description":"","potentialAction":[{"@type":"SearchAction","target":{"@type":"EntryPoint","urlTemplate":"https:\/\/yelabrodesser.com\/?s={search_term_string}"},"query-input":"required name=search_term_string"}],"inLanguage":"de-AT"}]}},"_links":{"self":[{"href":"https:\/\/yelabrodesser.com\/index.php?rest_route=\/wp\/v2\/pages\/360","targetHints":{"allow":["GET"]}}],"collection":[{"href":"https:\/\/yelabrodesser.com\/index.php?rest_route=\/wp\/v2\/pages"}],"about":[{"href":"https:\/\/yelabrodesser.com\/index.php?rest_route=\/wp\/v2\/types\/page"}],"author":[{"embeddable":true,"href":"https:\/\/yelabrodesser.com\/index.php?rest_route=\/wp\/v2\/users\/1"}],"replies":[{"embeddable":true,"href":"https:\/\/yelabrodesser.com\/index.php?rest_route=%2Fwp%2Fv2%2Fcomments&post=360"}],"version-history":[{"count":21,"href":"https:\/\/yelabrodesser.com\/index.php?rest_route=\/wp\/v2\/pages\/360\/revisions"}],"predecessor-version":[{"id":567,"href":"https:\/\/yelabrodesser.com\/index.php?rest_route=\/wp\/v2\/pages\/360\/revisions\/567"}],"wp:attachment":[{"href":"https:\/\/yelabrodesser.com\/index.php?rest_route=%2Fwp%2Fv2%2Fmedia&parent=360"}],"curies":[{"name":"wp","href":"https:\/\/api.w.org\/{rel}","templated":true}]}}