{"id":408,"date":"2022-12-08T16:05:31","date_gmt":"2022-12-08T16:05:31","guid":{"rendered":"https:\/\/yelabrodesser.com\/?page_id=408"},"modified":"2023-11-24T19:39:53","modified_gmt":"2023-11-24T19:39:53","slug":"408-2","status":"publish","type":"page","link":"https:\/\/yelabrodesser.com\/?page_id=408","title":{"rendered":"Gestrandet"},"content":{"rendered":"<div id=\"pl-408\"  class=\"panel-layout\" ><div id=\"pg-408-0\"  class=\"panel-grid panel-no-style\" ><div id=\"pgc-408-0-0\"  class=\"panel-grid-cell\" ><div id=\"panel-408-0-0-0\" class=\"so-panel widget widget_sow-editor panel-first-child\" data-index=\"0\" ><div\n\t\t\t\n\t\t\tclass=\"so-widget-sow-editor so-widget-sow-editor-base\"\n\t\t\t\n\t\t>\n<div class=\"siteorigin-widget-tinymce textwidget\">\n\t<p class=\"widget-title\"><strong>ein Roman von Yela Brodesser<\/strong><\/p>\n<p>Fode sitzt im Senegal fest, nachdem er wegen politischer Verfolgung aus seinem Heimatland Guinea fl\u00fcchten musste. Seine Freundin Hannah versucht in Wien alle Hebel in Bewegung zu setzen, um ihm eine Einreise nach \u00d6sterreich zu erm\u00f6glichen. Doch die b\u00fcrokratischen Hindernisse sind un\u00fcberwindbar, und Fode sieht sich gezwungen, die Flucht \u00fcber Mali, Niger, Libyen und die Mittelmeerroute nach Sizilien anzutreten. Wird er brutale Schlepper, die endlose W\u00fcste und das furchterregende Meer \u00fcberleben? Gleichzeitig begibt sich Michael nach Guinea um Aminata bei der Trennung von ihrem gewaltt\u00e4tigen Ehemann Madu zur Seite zu stehen. Madu nimmt die Einmischung eines anderen Mannes gar nicht gut auf, und greift zu immer hinterh\u00e4ltigeren Mitteln, um das zu bekommen, was er am meisten liebt: Geld.<\/p>\n<\/div>\n<\/div><\/div><div id=\"panel-408-0-0-1\" class=\"so-panel widget widget_sow-image\" data-index=\"1\" ><div\n\t\t\t\n\t\t\tclass=\"so-widget-sow-image so-widget-sow-image-default-d6014b76747a-408\"\n\t\t\t\n\t\t>\n\n<div class=\"sow-image-container\">\n\t\t<img decoding=\"async\" src=\"https:\/\/yelabrodesser.com\/wp-content\/uploads\/2022\/12\/Cover-Gestrandet-Front-189x300.jpg\" width=\"189\" height=\"300\" srcset=\"https:\/\/yelabrodesser.com\/wp-content\/uploads\/2022\/12\/Cover-Gestrandet-Front-189x300.jpg 189w, https:\/\/yelabrodesser.com\/wp-content\/uploads\/2022\/12\/Cover-Gestrandet-Front.jpg 382w\" sizes=\"auto, (max-width: 189px) 100vw, 189px\" title=\"Cover Gestrandet Front\" alt=\"\" loading=\"lazy\" \t\tclass=\"so-widget-image\"\/>\n\t<\/div>\n\n<\/div><\/div><div id=\"panel-408-0-0-2\" class=\"so-panel widget widget_sow-editor\" data-index=\"2\" ><div\n\t\t\t\n\t\t\tclass=\"so-widget-sow-editor so-widget-sow-editor-base\"\n\t\t\t\n\t\t>\n<div class=\"siteorigin-widget-tinymce textwidget\">\n\t<div id=\"panel-171-0-0-2\" class=\"so-panel widget widget_sow-editor\" data-index=\"2\">\n<div class=\"so-widget-sow-editor so-widget-sow-editor-base\">\n<div class=\"siteorigin-widget-tinymce textwidget\">\n<div id=\"panel-1612-1-0-2\" class=\"so-panel widget widget_sow-editor\" data-index=\"3\">\n<div class=\"so-widget-sow-editor so-widget-sow-editor-base\">\n<div class=\"siteorigin-widget-tinymce textwidget\">\n<p>Roman<\/p>\n<p>Buchschmiede Verlag<br \/>\nWien 2023<br \/>\n978-3-99139-701-4 (Hardcover)<br \/>\n978-3-99152-373-4 (Softcover)<br \/>\n978-3-99139-706-9 (E-Book)<br \/>\nPreis: Hardcover: 23,60 \u20ac, Softcover: 16,50\u20ac, E-Book: 11,99\u20ac<\/p>\n<p>(+ 3,25 \u20ac Versandkosten in \u00d6sterreich, 8,20\u20ac Versand Ausland)<\/p>\n<p>Bestellung unter: <a href=\"mailto:info@rhytmotop.at\">info@rhytmotop.at<\/a><\/p>\n<p>oder direkt bei der: <a href=\"https:\/\/www.buchschmiede.at\/app\/book\/27149-Yela-Brodesser-Gestrandet\">Buchschmiede<\/a><\/p>\n<p>&nbsp;<\/p>\n<\/div>\n<\/div>\n<\/div>\n<\/div>\n<\/div>\n<\/div>\n<\/div>\n<\/div><\/div><div id=\"panel-408-0-0-3\" class=\"so-panel widget widget_sow-button panel-last-child\" data-index=\"3\" ><div\n\t\t\t\n\t\t\tclass=\"so-widget-sow-button so-widget-sow-button-wire-5051644d5f04-408\"\n\t\t\t\n\t\t><div class=\"ow-button-base ow-button-align-center\">\n\t<a href=\"https:\/\/yelabrodesser.com\/?page_id=507\" class=\"ow-icon-placement-left ow-button-hover\" \t\t>\n\t\t<span>\n\t\t\t\n\t\t\tReviews und LeserInnenfeedbacks - Gestrandet\t\t<\/span>\n\t<\/a>\n<\/div>\n<\/div><\/div><\/div><\/div><div id=\"pg-408-1\"  class=\"panel-grid panel-no-style\" ><div id=\"pgc-408-1-0\"  class=\"panel-grid-cell\" ><div id=\"panel-408-1-0-0\" class=\"so-panel widget widget_sow-editor panel-first-child panel-last-child\" data-index=\"4\" ><div\n\t\t\t\n\t\t\tclass=\"so-widget-sow-editor so-widget-sow-editor-base\"\n\t\t\t\n\t\t>\n<div class=\"siteorigin-widget-tinymce textwidget\">\n\t<h4>Mein Buch \"Gestrandet\" wurde in die B\u00fccher-Empfehlungsliste der UNO Fl\u00fcchtlingshilfe aufgenommen:<\/h4>\n<p><img loading=\"lazy\" decoding=\"async\" class=\"alignnone size-medium wp-image-540\" src=\"https:\/\/yelabrodesser.com\/wp-content\/uploads\/2023\/11\/Uno-Fluechtlingshilfe2-300x210.jpg\" alt=\"\" width=\"300\" height=\"210\" srcset=\"https:\/\/yelabrodesser.com\/wp-content\/uploads\/2023\/11\/Uno-Fluechtlingshilfe2-300x210.jpg 300w, https:\/\/yelabrodesser.com\/wp-content\/uploads\/2023\/11\/Uno-Fluechtlingshilfe2.jpg 591w\" sizes=\"auto, (max-width: 300px) 100vw, 300px\" \/><\/p>\n<p><a href=\"https:\/\/www.uno-fluechtlingshilfe.de\/informieren\/buchempfehlungen\/junge-erwachsene\">UNO Fl\u00fcchtlingshilfe Buchempfehlungsliste<\/a><\/p>\n<\/div>\n<\/div><\/div><\/div><\/div><\/div>","protected":false},"excerpt":{"rendered":"<p>ein Roman von Yela Brodesser Fode sitzt im Senegal fest, nachdem er wegen politischer Verfolgung aus seinem Heimatland Guinea fl\u00fcchten musste. Seine Freundin Hannah versucht in Wien alle Hebel in Bewegung zu setzen, um ihm eine Einreise nach \u00d6sterreich zu erm\u00f6glichen. Doch die b\u00fcrokratischen Hindernisse sind un\u00fcberwindbar, und Fode sieht sich gezwungen, die Flucht \u00fcber Mali, Niger, Libyen und die Mittelmeerroute nach Sizilien anzutreten. Wird er brutale Schlepper, die endlose W\u00fcste und das furchterregende Meer \u00fcberleben? Gleichzeitig begibt sich Michael nach Guinea um Aminata bei der Trennung von ihrem gewaltt\u00e4tigen Ehemann Madu zur Seite zu stehen. Madu nimmt die Einmischung eines anderen Mannes gar nicht gut auf, und greift zu immer hinterh\u00e4ltigeren Mitteln, um das zu bekommen, was er am meisten liebt: Geld. Roman Buchschmiede Verlag Wien 2023 978-3-99139-701-4 (Hardcover) 978-3-99152-373-4 (Softcover) 978-3-99139-706-9 (E-Book) Preis: Hardcover: 23,60 \u20ac, Softcover: 16,50\u20ac, E-Book: 11,99\u20ac (+ 3,25 \u20ac Versandkosten in \u00d6sterreich, 8,20\u20ac Versand Ausland) Bestellung unter: info@rhytmotop.at oder direkt bei der: Buchschmiede &nbsp; Mein Buch &#8222;Gestrandet&#8220; wurde in die B\u00fccher-Empfehlungsliste der UNO Fl\u00fcchtlingshilfe aufgenommen: UNO Fl\u00fcchtlingshilfe Buchempfehlungsliste<\/p>\n","protected":false},"author":1,"featured_media":0,"parent":0,"menu_order":0,"comment_status":"closed","ping_status":"closed","template":"","meta":{"footnotes":""},"class_list":["post-408","page","type-page","status-publish","hentry"],"yoast_head":"<!-- This site is optimized with the Yoast SEO plugin v20.4 - https:\/\/yoast.com\/wordpress\/plugins\/seo\/ -->\n<title>Gestrandet - Yela Brodesser<\/title>\n<meta name=\"robots\" content=\"index, follow, max-snippet:-1, max-image-preview:large, max-video-preview:-1\" \/>\n<link rel=\"canonical\" href=\"https:\/\/yelabrodesser.com\/?page_id=408\" \/>\n<meta property=\"og:locale\" content=\"de_DE\" \/>\n<meta property=\"og:type\" content=\"article\" \/>\n<meta property=\"og:title\" content=\"Gestrandet - Yela Brodesser\" \/>\n<meta property=\"og:description\" content=\"ein Roman von Yela Brodesser Fode sitzt im Senegal fest, nachdem er wegen politischer Verfolgung aus seinem Heimatland Guinea fl\u00fcchten musste. Seine Freundin Hannah versucht in Wien alle Hebel in Bewegung zu setzen, um ihm eine Einreise nach \u00d6sterreich zu erm\u00f6glichen. Doch die b\u00fcrokratischen Hindernisse sind un\u00fcberwindbar, und Fode sieht sich gezwungen, die Flucht \u00fcber Mali, Niger, Libyen und die Mittelmeerroute nach Sizilien anzutreten. Wird er brutale Schlepper, die endlose W\u00fcste und das furchterregende Meer \u00fcberleben? Gleichzeitig begibt sich Michael nach Guinea um Aminata bei der Trennung von ihrem gewaltt\u00e4tigen Ehemann Madu zur Seite zu stehen. Madu nimmt die Einmischung eines anderen Mannes gar nicht gut auf, und greift zu immer hinterh\u00e4ltigeren Mitteln, um das zu bekommen, was er am meisten liebt: Geld. Roman Buchschmiede Verlag Wien 2023 978-3-99139-701-4 (Hardcover) 978-3-99152-373-4 (Softcover) 978-3-99139-706-9 (E-Book) Preis: Hardcover: 23,60 \u20ac, Softcover: 16,50\u20ac, E-Book: 11,99\u20ac (+ 3,25 \u20ac Versandkosten in \u00d6sterreich, 8,20\u20ac Versand Ausland) Bestellung unter: info@rhytmotop.at oder direkt bei der: Buchschmiede &nbsp; Mein Buch &quot;Gestrandet&quot; wurde in die B\u00fccher-Empfehlungsliste der UNO Fl\u00fcchtlingshilfe aufgenommen: UNO Fl\u00fcchtlingshilfe Buchempfehlungsliste\" \/>\n<meta property=\"og:url\" content=\"https:\/\/yelabrodesser.com\/?page_id=408\" \/>\n<meta property=\"og:site_name\" content=\"Yela Brodesser\" \/>\n<meta property=\"article:modified_time\" content=\"2023-11-24T19:39:53+00:00\" \/>\n<meta property=\"og:image\" content=\"https:\/\/yelabrodesser.com\/wp-content\/uploads\/2023\/11\/Uno-Fluechtlingshilfe2-300x210.jpg\" \/>\n<meta name=\"twitter:card\" content=\"summary_large_image\" \/>\n<meta name=\"twitter:label1\" content=\"Gesch\u00e4tzte Lesezeit\" \/>\n\t<meta name=\"twitter:data1\" content=\"2 Minuten\" \/>\n<script type=\"application\/ld+json\" class=\"yoast-schema-graph\">{\"@context\":\"https:\/\/schema.org\",\"@graph\":[{\"@type\":\"WebPage\",\"@id\":\"https:\/\/yelabrodesser.com\/?page_id=408\",\"url\":\"https:\/\/yelabrodesser.com\/?page_id=408\",\"name\":\"Gestrandet - Yela Brodesser\",\"isPartOf\":{\"@id\":\"https:\/\/yelabrodesser.com\/#website\"},\"datePublished\":\"2022-12-08T16:05:31+00:00\",\"dateModified\":\"2023-11-24T19:39:53+00:00\",\"breadcrumb\":{\"@id\":\"https:\/\/yelabrodesser.com\/?page_id=408#breadcrumb\"},\"inLanguage\":\"de-AT\",\"potentialAction\":[{\"@type\":\"ReadAction\",\"target\":[\"https:\/\/yelabrodesser.com\/?page_id=408\"]}]},{\"@type\":\"BreadcrumbList\",\"@id\":\"https:\/\/yelabrodesser.com\/?page_id=408#breadcrumb\",\"itemListElement\":[{\"@type\":\"ListItem\",\"position\":1,\"name\":\"Home\",\"item\":\"https:\/\/yelabrodesser.com\/\"},{\"@type\":\"ListItem\",\"position\":2,\"name\":\"Gestrandet\"}]},{\"@type\":\"WebSite\",\"@id\":\"https:\/\/yelabrodesser.com\/#website\",\"url\":\"https:\/\/yelabrodesser.com\/\",\"name\":\"Yela Brodesser\",\"description\":\"\",\"potentialAction\":[{\"@type\":\"SearchAction\",\"target\":{\"@type\":\"EntryPoint\",\"urlTemplate\":\"https:\/\/yelabrodesser.com\/?s={search_term_string}\"},\"query-input\":\"required name=search_term_string\"}],\"inLanguage\":\"de-AT\"}]}<\/script>\n<!-- \/ Yoast SEO plugin. -->","yoast_head_json":{"title":"Gestrandet - Yela Brodesser","robots":{"index":"index","follow":"follow","max-snippet":"max-snippet:-1","max-image-preview":"max-image-preview:large","max-video-preview":"max-video-preview:-1"},"canonical":"https:\/\/yelabrodesser.com\/?page_id=408","og_locale":"de_DE","og_type":"article","og_title":"Gestrandet - Yela Brodesser","og_description":"ein Roman von Yela Brodesser Fode sitzt im Senegal fest, nachdem er wegen politischer Verfolgung aus seinem Heimatland Guinea fl\u00fcchten musste. Seine Freundin Hannah versucht in Wien alle Hebel in Bewegung zu setzen, um ihm eine Einreise nach \u00d6sterreich zu erm\u00f6glichen. Doch die b\u00fcrokratischen Hindernisse sind un\u00fcberwindbar, und Fode sieht sich gezwungen, die Flucht \u00fcber Mali, Niger, Libyen und die Mittelmeerroute nach Sizilien anzutreten. Wird er brutale Schlepper, die endlose W\u00fcste und das furchterregende Meer \u00fcberleben? Gleichzeitig begibt sich Michael nach Guinea um Aminata bei der Trennung von ihrem gewaltt\u00e4tigen Ehemann Madu zur Seite zu stehen. Madu nimmt die Einmischung eines anderen Mannes gar nicht gut auf, und greift zu immer hinterh\u00e4ltigeren Mitteln, um das zu bekommen, was er am meisten liebt: Geld. Roman Buchschmiede Verlag Wien 2023 978-3-99139-701-4 (Hardcover) 978-3-99152-373-4 (Softcover) 978-3-99139-706-9 (E-Book) Preis: Hardcover: 23,60 \u20ac, Softcover: 16,50\u20ac, E-Book: 11,99\u20ac (+ 3,25 \u20ac Versandkosten in \u00d6sterreich, 8,20\u20ac Versand Ausland) Bestellung unter: info@rhytmotop.at oder direkt bei der: Buchschmiede &nbsp; Mein Buch \"Gestrandet\" wurde in die B\u00fccher-Empfehlungsliste der UNO Fl\u00fcchtlingshilfe aufgenommen: UNO Fl\u00fcchtlingshilfe Buchempfehlungsliste","og_url":"https:\/\/yelabrodesser.com\/?page_id=408","og_site_name":"Yela Brodesser","article_modified_time":"2023-11-24T19:39:53+00:00","og_image":[{"url":"https:\/\/yelabrodesser.com\/wp-content\/uploads\/2023\/11\/Uno-Fluechtlingshilfe2-300x210.jpg"}],"twitter_card":"summary_large_image","twitter_misc":{"Gesch\u00e4tzte Lesezeit":"2 Minuten"},"schema":{"@context":"https:\/\/schema.org","@graph":[{"@type":"WebPage","@id":"https:\/\/yelabrodesser.com\/?page_id=408","url":"https:\/\/yelabrodesser.com\/?page_id=408","name":"Gestrandet - Yela Brodesser","isPartOf":{"@id":"https:\/\/yelabrodesser.com\/#website"},"datePublished":"2022-12-08T16:05:31+00:00","dateModified":"2023-11-24T19:39:53+00:00","breadcrumb":{"@id":"https:\/\/yelabrodesser.com\/?page_id=408#breadcrumb"},"inLanguage":"de-AT","potentialAction":[{"@type":"ReadAction","target":["https:\/\/yelabrodesser.com\/?page_id=408"]}]},{"@type":"BreadcrumbList","@id":"https:\/\/yelabrodesser.com\/?page_id=408#breadcrumb","itemListElement":[{"@type":"ListItem","position":1,"name":"Home","item":"https:\/\/yelabrodesser.com\/"},{"@type":"ListItem","position":2,"name":"Gestrandet"}]},{"@type":"WebSite","@id":"https:\/\/yelabrodesser.com\/#website","url":"https:\/\/yelabrodesser.com\/","name":"Yela Brodesser","description":"","potentialAction":[{"@type":"SearchAction","target":{"@type":"EntryPoint","urlTemplate":"https:\/\/yelabrodesser.com\/?s={search_term_string}"},"query-input":"required name=search_term_string"}],"inLanguage":"de-AT"}]}},"_links":{"self":[{"href":"https:\/\/yelabrodesser.com\/index.php?rest_route=\/wp\/v2\/pages\/408","targetHints":{"allow":["GET"]}}],"collection":[{"href":"https:\/\/yelabrodesser.com\/index.php?rest_route=\/wp\/v2\/pages"}],"about":[{"href":"https:\/\/yelabrodesser.com\/index.php?rest_route=\/wp\/v2\/types\/page"}],"author":[{"embeddable":true,"href":"https:\/\/yelabrodesser.com\/index.php?rest_route=\/wp\/v2\/users\/1"}],"replies":[{"embeddable":true,"href":"https:\/\/yelabrodesser.com\/index.php?rest_route=%2Fwp%2Fv2%2Fcomments&post=408"}],"version-history":[{"count":29,"href":"https:\/\/yelabrodesser.com\/index.php?rest_route=\/wp\/v2\/pages\/408\/revisions"}],"predecessor-version":[{"id":544,"href":"https:\/\/yelabrodesser.com\/index.php?rest_route=\/wp\/v2\/pages\/408\/revisions\/544"}],"wp:attachment":[{"href":"https:\/\/yelabrodesser.com\/index.php?rest_route=%2Fwp%2Fv2%2Fmedia&parent=408"}],"curies":[{"name":"wp","href":"https:\/\/api.w.org\/{rel}","templated":true}]}}